{"id":83,"date":"2022-12-18T08:32:11","date_gmt":"2022-12-18T08:32:11","guid":{"rendered":"https:\/\/lyd-produktion.dk\/?page_id=83"},"modified":"2024-05-06T20:20:38","modified_gmt":"2024-05-06T20:20:38","slug":"hvad","status":"publish","type":"page","link":"https:\/\/lyd-produktion.dk\/index.php\/hvad\/","title":{"rendered":"Hvad"},"content":{"rendered":"\n<p>Jeg tilbyder assistance til <strong>ops\u00e6tning og afvikling af lyd<\/strong> til koncerter, konferencer mm. Ved arrangementer op til 500 personer, kan jeg <strong><a href=\"https:\/\/lyd-produktion.dk\/index.php\/grejliste\/\" data-type=\"page\" data-id=\"260\">medbringe udstyr<\/a><\/strong> (P.A, mixer, monitors samt mikrofoner og stativer).<\/p>\n\n\n\n<p>Jeg tilbyder hj\u00e6lp til <strong>indretning, opgradering og indk\u00f8b<\/strong> til musiklokaler, koncertsteder, studier mm.<\/p>\n\n\n\n<p><strong>Konsulentbistand<\/strong> i forbindelse med koncerter, arrangementer, indk\u00f8b, festivaler o. lign.<\/p>\n\n\n\n<p>Jeg kan ligeledes arrangere og afvikle<strong> lydkurser, b\u00e5de til live- og studiebrug<\/strong>.<\/p>\n\n\n\n<p>Jeg kan tilbyde <strong>multitrack liveoptagelse<\/strong> i forbindelse med koncerter, samt efterf\u00f8lgende (r\u00e5)mixning.<\/p>\n\n\n\n<p>I mit <strong>mobile studie<\/strong> kan jeg tilbyde indspilning af projekter eller delprojekter, dubbing og tilf\u00f8jelse af ekstra spor samt evt. mastering af projekter.<\/p>\n\n\n\n<figure class=\"wp-block-pullquote\"><blockquote><p>&#8220;Hvis alle lydpr\u00f8ver var ligesom dine, ville det v\u00e6re S\u00c5 meget bedre at v\u00e6re musiker!&#8221;<\/p><cite>FREJ LESNER, &#8211; <a href=\"https:\/\/www.baglandquintet.com\" data-type=\"URL\" data-id=\"https:\/\/www.baglandquintet.com\" target=\"_blank\" rel=\"noreferrer noopener\">Bagland<\/a>\/i think you are awesome<\/cite><\/blockquote><\/figure>\n\n\n\n<hr class=\"wp-block-separator has-alpha-channel-opacity\"\/>\n\n\n\n<figure class=\"wp-block-pullquote\"><blockquote><p>&#8220;Tak for en fabelagtig aften. Og tak for dit tilsagn om hj\u00e6lp \ud83d\udc4d&#8221;<\/p><cite>sam\u00e1l, ulfborg koncertforening<\/cite><\/blockquote><\/figure>\n\n\n\n<hr class=\"wp-block-separator has-alpha-channel-opacity\"\/>\n\n\n\n<figure class=\"wp-block-pullquote\"><blockquote><p>&#8220;&#8230;Vi var meget glade for at netop du stod for dette ansvarsfulde job, som du med din store tekniske viden og seri\u00f8se indstilling l\u00f8ste til alles tilfredshed!&#8221;<\/p><cite>Finn Lange, Arrang\u00f8r Pallisbjerg sommerfest<\/cite><\/blockquote><\/figure>\n","protected":false},"excerpt":{"rendered":"<p>Jeg tilbyder assistance til ops\u00e6tning og afvikling af lyd til koncerter, konferencer mm. Ved arrangementer op til 500 personer, kan jeg medbringe udstyr (P.A, mixer, monitors samt mikrofoner og stativer). Jeg tilbyder hj\u00e6lp til indretning, opgradering og indk\u00f8b til musiklokaler, koncertsteder, studier mm. Konsulentbistand i forbindelse med koncerter, arrangementer, indk\u00f8b, festivaler o. lign. Jeg kan &hellip; <\/p>\n<p class=\"link-more\"><a href=\"https:\/\/lyd-produktion.dk\/index.php\/hvad\/\" class=\"more-link\">L\u00e6s mere<span class=\"screen-reader-text\"> \u201cHvad\u201d<\/span><\/a><\/p>\n","protected":false},"author":1,"featured_media":0,"parent":0,"menu_order":0,"comment_status":"closed","ping_status":"closed","template":"page-templates\/homepage-builder-bb.php","meta":{"footnotes":""},"class_list":["post-83","page","type-page","status-publish","hentry"],"_links":{"self":[{"href":"https:\/\/lyd-produktion.dk\/index.php\/wp-json\/wp\/v2\/pages\/83","targetHints":{"allow":["GET"]}}],"collection":[{"href":"https:\/\/lyd-produktion.dk\/index.php\/wp-json\/wp\/v2\/pages"}],"about":[{"href":"https:\/\/lyd-produktion.dk\/index.php\/wp-json\/wp\/v2\/types\/page"}],"author":[{"embeddable":true,"href":"https:\/\/lyd-produktion.dk\/index.php\/wp-json\/wp\/v2\/users\/1"}],"replies":[{"embeddable":true,"href":"https:\/\/lyd-produktion.dk\/index.php\/wp-json\/wp\/v2\/comments?post=83"}],"version-history":[{"count":10,"href":"https:\/\/lyd-produktion.dk\/index.php\/wp-json\/wp\/v2\/pages\/83\/revisions"}],"predecessor-version":[{"id":307,"href":"https:\/\/lyd-produktion.dk\/index.php\/wp-json\/wp\/v2\/pages\/83\/revisions\/307"}],"wp:attachment":[{"href":"https:\/\/lyd-produktion.dk\/index.php\/wp-json\/wp\/v2\/media?parent=83"}],"curies":[{"name":"wp","href":"https:\/\/api.w.org\/{rel}","templated":true}]}}